undreds digit of 120646?
6
What is the hundreds digit of 491?
4
What is the tens digit of 3831?
3
What is the ten thousands digit of 110454?
1
What is the hundreds digit of 7911?
9
What is the units digit of 3505?
5
What is the thousands digit of 1508?
1
What is the hundreds digit of 3714?
7
What is the units digit of 34763?
3
What is the hundreds digit of 89136?
1
What is the tens digit of 2357?
5
What is the ten thousands digit of 26250?
2
What is the thousands digit of 1891?
1
What is the units digit of 770?
0
What is the units digit of 2268?
8
What is the thousands digit of 6771?
6
What is the hundreds digit of 1247?
2
What is the units digit of 893?
3
What is the units digit of 54694?
4
What is the ten thousands digit of 26131?
2
What is the ten thousands digit of 10081?
1
What is the hundreds digit of 26686?
6
What is the hundreds digit of 9357?
3
What is the units digit of 4160?
0
What is the ten thousands digit of 35702?
3
What is the units digit of 103703?
3
What is the units digit of 3868?
8
What is the units digit of 755?
5
What is the tens digit of 95451?
5
What is the thousands digit of 1676?
1
What is the thousands digit of 46922?
6
What is the hundreds digit of 9203?
2
What is the hundreds digit of 146?
1
What is the hundreds digit of 12634?
6
What is the thousands digit of 8679?
8
What is the thousands digit of 14183?
4
What is the units digit of 1896?
6
What is the tens digit of 26558?
5
What is the hundred thousands digit of 205702?
2
What is the units digit of 43?
3
What is the hundreds digit of 53723?
7
What is the thousands digit of 1400?
1
What is the hundreds digit of 2910?
9
What is the units digit of 17579?
9
What is the tens digit of 4767?
6
What is the tens digit of 8799?
9
What is the thousands digit of 2492?
2
What is the units digit of 131524?
4
What is the hundreds digit of 3804?
8
What is the tens digit of 1009?
0
What is the ten thousands digit of 49838?
4
What is the hundreds digit of 1048?
0
What is the thousands digit of 1728?
1
What is the hundreds digit of 13749?
7
What is the thousands digit of 53736?
3
What is the tens digit of 476?
7
What is the hundreds digit of 2322?
3
What is the tens digit of 16033?
3
What is the tens digit of 3217?
1
What is the thousands digit of 1529?
1
What is the hundreds digit of 4755?
7
What is the tens digit of 84?
8
What is the thousands digit of 44055?
4
What is the tens digit of 2877?
7
What is the tens digit of 29382?
8
What is the tens digit of 6662?
6
What is the thousands digit of 9421?
9
What is the hundreds digit of 8364?
3
What is the tens digit of 7603?
0
What is the units digit of 24835?
5
What is the units digit of 1922?
2
What is the ten thousands digit of 101666?
0
What is the tens digit of 1626?
2
What is the ten thousands digit of 47144?
4
What is the units digit of 6848?
8
What is the units digit of 7079?
9
What is the units digit of 11637?
7
What is the tens digit of 548?
4
What is the units digit of 81400?
0
What is the units digit of 3531?
1
What is the hundreds digit of 9004?
0
What is the hundreds digit of 32872?
8
What is the tens digit of 947?
4
What is the ten thousands digit of 15182?
1
What is the hundreds digit of 11157?
1
What is the hundred thousands digit of 175103?
1
What is the tens digit of 6739?
3
What is the tens digit of 3368?
6
What is the tens digit of 2557?
5
What is the tens digit of 4958?
5
What is the units digit of 4884?
4
What is the thousands digit of 3405?
3
What is the thousands digit of 14156?
4
What is the tens digit of 143919?
1
What is the hundreds digit of 1523?
5
What is the ten thousands digit of 46635?
4
What is the units digit of 2676?
6
What is the thousands digit of 5140?
5
What is the hundreds digit of 1830?
8
What is the thousands digit of 9074?
9
What is the tens digit of 6867?
6
What is the units digit of 7168?
8
What is the units digit of 831?
1
What is the units digit of 587?
7
What is the tens digit of 6858?
5
What is the ten thousands digit of 68867?
6
What is the units digit of 28629?
9
What is the units digit of 2708?
8
What is the tens digit of 483?
8
What is the hundreds digit of 684?
6
What is the units digit of 592?
2
What is the tens digit of 479?
7
What is the units digit of 2242?
2
What is the ten thousands digit of 37879?
3
What is the tens digit of 176?
7
What is the tens digit of 662?
6
What is the tens digit of 21769?
6
What is the tens digit of 3376?
7
What is the hundreds digit of 15121?
1
What is the units digit of 125427?
7
What is the hundreds digit of 177964?
9
What is the hundreds digit of 8125?
1
What is the hundreds digit of 380?
3
What is the tens digit of 51717?
1
What is the tens digit of 6294?
9
What is the hundreds digit of 551?
5
What is the tens digit of 2583?
8
What is the thousands digit of 123986?
3
What is the hundreds digit of 8903?
9
What is the tens digit of 1209?
0
What is the units digit of 334?
4
What is the ten thousands digit of 14074?
1
What is the tens digit of 41445?
4
What is the tens digit of 14657?
5
What is the hundreds digit of 34212?
2
What is the thousands digit of 7871?
7
What is the units digit of 9202?
2
What is the hundreds digit of 1114?
1
What is the hundreds digit of 52908?
9
What is the tens digit of 786?
8
What is the units digit of 76?
6
What is the ten thousands digit of 25786?
2
What is the hundreds digit of 6835?
8
What is the hundreds digit of 35671?
6
What is the tens digit of 1430?
3
What is the tens digit of 5737?
3
What is the hundreds digit of 6889?
8
What is the thousands digit of 1104?
1
What is the tens digit of 3233?
3
What is the thousands digit of 3923?
3
What is the thousands digit of 3234?
3
What is the hundreds digit of 72976?
9
What is the hundreds digit of 4823?
8
What is the hundreds digit of 1870?
8
What is the units digit of 889?
9
What is the units digit of 20226?
6
What is the ten thousands digit of 19800?
1
What is the units digit of 4881?
1
What is the tens digit of 134525?
2
What is the tens digit of 2159?
5
What is the hundreds digit of 1658?
6
What is the units digit of 810?
0
What is the tens digit of 33791?
9
What is the units digit of 489?
9
What is the units digit of 791?
1
What is the units digit of 28132?
2
What is the thousands digit of 54388?
4
What is the units digit of 13414?
4
What is the ten thousands digit of 19941?
1
What is the tens digit of 495?
9
What is the units digit of 3312?
2
What is the thousands digit of 50892?
0
What is the tens digit of 1023?
2
What is the tens digit of 42457?
5
What is the units digit of 1823?
3
What is the hundreds digit of 128119?
1
What is the tens digit of 61?
6
What is the tens digit of 1247?
4
What is the tens digit of 7018?
1
What is the tens digit of 3986?
8
What is the units digit of 7096?
6
What is the ten thousands digit of 23870?
2
What is the hundreds digit of 58714?
7
What is the units digit of 3492?
2
What is the ten thousands digit of 10539?
1
What is the tens digit of 634?
3
What is the units digit of 15811?
1
What is the thousands digit of 3014?
3
What is the units digit of 4152?
2
What is the tens digit of 6471?
7
What is the tens digit of 1096?
9
What is the ten thousands digit of 33732?
3
What is the thousands digit of 10463?
0
What is the thousands digit of 1680?
1
What is the ten thousands digit of 55081?
5
What is the hundreds digit of 92110?
1
What is the units digit of 1904?
4
What is the hundreds digit of 6091?
0
What is the hundreds digit of 1564?
5
What is the ten thousands digit of 38928?
3
What is the units digit of 914?
4
What is the units digit of 23945?
5
What is the hundreds digit of 44009?
0
What is the units digit of 5667?
7
What is the thousands digit of 2182?
2
What is the thousands digit of 9539?
9
What is the ten thousands digit of 24494?
2
What is the tens digit of 623?
2
What is the tens digit of 17187?
8
What is the units digit of 2714?
4
What is the units digit of 31335?
5
What is the tens digit of 117670?
7
What is the tens digit of 15312?
1
What is the units digit of 58?
8
What is the tens digit of 4841?
4
What is the tens digit of 1416?
1
What is the hundreds digit of 17082?
0
What is the units digit of 3734?
4
What is the thousands digit of 10744?
0
What is the hundreds digit of 14108?
1
What is the units digit of 170?
0
W